on divisor of i and g?
1
Suppose 0 = m - 3 - 2. Suppose -m*g = -7 + 157. Let u be -3*(-6)/(-45)*g. What is the highest common factor of u and 132?
12
Let q(x) = -3*x**2 - 4*x + 9*x**2 - 1 + 0. Let g be q(-3). What is the highest common factor of g and 13?
13
Suppose 0 = 3*l + 4*m - 23, -6*m = -2*m - 8. Suppose 10 = -2*o - 5*v + 2, v = -l*o + 26. Calculate the greatest common factor of o and 24.
6
Suppose 46 + 89 = 3*h. What is the greatest common divisor of 18 and h?
9
Suppose 3 = h + 2. Let s(u) = u**3 + u**2. Let n be s(h). Let b(x) = -x + 4. Let f be b(n). What is the greatest common factor of f and 16?
2
Let a be (-10)/(-15)*(-3)/(-2). Let z be a*(-1 + -2 - -15). Calculate the greatest common divisor of 4 and z.
4
Let j be (-12)/10*(-40)/(-12). Let u be 561/24*-2*j. What is the highest common divisor of u and 17?
17
Suppose 0 = -3*t + b + 82, t - 49 = -4*b - 0*b. Let c = 1 + t. Let y = -8 + 14. Calculate the highest common factor of c and y.
6
Suppose -7 - 18 = -5*c. Suppose 7*k = c*k + 176. Calculate the highest common divisor of k and 8.
8
Let h(m) = -3 - 3*m - m + 7*m. Let z be h(2). Let q be (4 - z)*(-6)/(-1). What is the greatest common divisor of 4 and q?
2
Let u = -31 + 69. What is the greatest common divisor of 57 and u?
19
Let s(x) = -4*x - 11. Let y be s(-3). What is the greatest common factor of y and 11?
1
Let m = 6 + -1. Let r(f) = -f**3 + 4*f**2 - 2*f - 2. Let u = -4 + 6. Let g be r(u). Calculate the highest common factor of g and m.
1
Suppose 0 = 4*k - 10 + 2. Suppose k*c - o - 2*o = -15, -4*o = -5*c - 20. Let i be (c + 2)/(-4)*-180. What is the greatest common divisor of i and 10?
10
Let u(a) = -a**2 + 4. Let c be u(3). Let b(x) be the third derivative of -x**4/24 + x**3/3 + x**2. Let y be b(c). What is the highest common factor of y and 35?
7
Let j = -8 - -14. Let z be (-4)/3*513/(-38). What is the greatest common divisor of j and z?
6
Let m(d) = 2*d**2 + 7*d + 5. Let v be m(-5). Suppose v + 10 = 3*h. What is the highest common factor of 10 and h?
10
Suppose -3 = -x - 3*u - 1, 10 = 5*x - 2*u. Suppose -34 = -x*r + j, -2*r + 11 - 1 = 5*j. What is the highest common factor of r and 15?
15
Let t(m) = m**3 - m. Let z be t(3). Calculate the highest common divisor of 8 and z.
8
Let h(f) = f**2 - 9*f + 7. Let d be h(7). Let z be (-4)/4*d + 3. Calculate the highest common factor of z and 110.
10
Let w(l) = 2*l**2 + 5*l - 7. Suppose 3*o = i + 2*i - 30, 5*i = -5*o. Let z be w(o). What is the greatest common divisor of z and 198?
18
Suppose 0 = 2*y - 0*y - 126. Calculate the greatest common divisor of 7 and y.
7
Let p(v) = -v + 22. Let q be p(14). Calculate the greatest common factor of 64 and q.
8
Let p(n) = -n**3 - n**2 + 5. Let m be p(0). Suppose -m*k + 88 = -k. Calculate the highest common factor of k and 55.
11
Let n be ((-1)/(-2))/(4 - (-111)/(-28)). Calculate the highest common divisor of n and 14.
14
Suppose -3*v - 4*d = -v - 44, -2*d + 118 = 4*v. Calculate the highest common divisor of 4 and v.
4
Suppose 2*o + 36 = 4*o. Let l be (132/o)/((-2)/(-24)). What is the greatest common divisor of l and 8?
8
Let l be 28 + 0 + (1 - -1). Let s be (4 + 1)/(1/5). Suppose -s = -3*h + m, 2*h + m - 40 = -3*m. What is the greatest common divisor of l and h?
10
Let f(p) = 3*p**2 - 2*p - 1. Let y be f(-2). Suppose 4*g - 4 = -0, 5*q - 5*g - y = 0. Calculate the highest common divisor of q and 12.
4
Suppose 0 = 2*x - 7*x + 30. What is the highest common divisor of 48 and x?
6
Suppose 2*q - 2*t - 304 = -36, t = 2. What is the highest common factor of 17 and q?
17
Suppose 0 = 2*r + 5 - 21. Suppose -14*o + 408 = 3*o. Calculate the greatest common factor of r and o.
8
Suppose -26*k - 40 = -28*k. Calculate the greatest common divisor of k and 50.
10
Let x = -90 + 93. What is the highest common factor of x and 9?
3
Let z = -36 + 71. What is the highest common factor of 175 and z?
35
Let t(g) = g**2 - g + 2. Let z be t(2). Let b(v) = 5 + 2*v - 5*v + 2*v + 2*v. Let l be b(z). Calculate the highest common divisor of 81 and l.
9
Suppose 0 = f + t - 290 + 7, -845 = -3*f - 2*t. What is the greatest common divisor of f and 31?
31
Let b be (-5 - -3)/((-2)/3). Let k(f) = f**3 + f**2. Let t be k(-1). Suppose t*r = -4*r + 12. What is the highest common factor of b and r?
3
Let a = 11 + -16. Let f = a - -10. Calculate the highest common divisor of f and 50.
5
Let m = -4 + -3. Let j(i) = -3*i - 1. Let q be j(m). Calculate the highest common factor of 8 and q.
4
Let u be 3/(0 + (-1)/28). Let a be (3/(-4))/(3/u). What is the greatest common divisor of 7 and a?
7
Let q(z) be the first derivative of z**4/4 - z**3/3 - 3*z**2/2 + 3*z + 4. Let v be q(2). Calculate the greatest common factor of 1 and v.
1
Suppose 5*s + 9*f = 4*f + 30, -5*s = -4*f + 6. Suppose 5*b + 2*v - 274 = 0, 0 = -s*b - 0*v - 2*v + 112. What is the greatest common factor of 6 and b?
6
Suppose -m + 208 = -32. Let a = -2 + 2. Suppose 0*c - 2*i - m = -5*c, -4*c - 2*i + 210 = a. What is the greatest common divisor of 10 and c?
10
Let i(s) = 2*s - 6. Let v be i(4). Suppose -g - v*g = -135. Let j = 72 + -42. Calculate the greatest common factor of j and g.
15
Suppose -14*d = -22*d + 1600. What is the greatest common divisor of 8 and d?
8
Let m(c) = 5*c - 7. Let f(i) = -9*i + 13. Let t(q) = -3*f(q) - 5*m(q). Let k be t(12). Suppose -k = -6*r + 2*r. What is the greatest common factor of r and 20?
5
Suppose -10*d = -18*d + 288. Calculate the highest common divisor of 36 and d.
36
Let h = 7 - 7. Suppose -4*f = z - 10, h*z + 7 = z + 5*f. Calculate the greatest common factor of z and 11.
11
Let k(z) = -12*z + 0 + 2*z**2 - 10 + 2*z. Let w = -7 - -17. Let h be k(w). What is the greatest common factor of 36 and h?
18
Let p be (26/(-4))/((-23)/322). What is the greatest common divisor of p and 7?
7
Let m = 260 - 113. What is the greatest common factor of m and 21?
21
Let a = 142 + -94. Let j(o) = o**2 + 19*o - 54. Let y be j(-22). What is the highest common factor of a and y?
12
Suppose 5*g = 5*m + 640, 0 = 5*g + 4*m - 982 + 306. Calculate the greatest common divisor of 33 and g.
33
Let d(a) be the first derivative of -3*a**4/4 - a**3 + 3*a**2/2 + 7. Let n be d(-3). What is the greatest common divisor of 5 and n?
5
Suppose 2*h - 6 = 0, 3*t + 2*h - 50 = -8. What is the greatest common factor of 6 and t?
6
Let c(x) = -2*x - 4*x**2 + 0*x**2 + 1 + 5*x**2. Let g be c(-6). Suppose g - 134 = -5*a. Calculate the highest common factor of a and 85.
17
Let i = 45 - 24. Suppose 0 = -4*r + i - 5. Let c be 18/r + 2/(-4). What is the greatest common divisor of c and 2?
2
Let c = -61 + 96. Let m = -25 + c. Let x(a) = -a**2 - 10*a - 6. Let w be x(-8). What is the highest common factor of w and m?
10
Let p = 3 - 0. Suppose 5 = 2*d + 2*s - 9, 3*d + 9 = 3*s. What is the highest common factor of d and p?
1
Let g = 0 - -1. Suppose -6 = -4*q - 18. Let v be q/(-4) - 7/(-28). Calculate the highest common divisor of v and g.
1
Let a(w) = 10*w - 1. Let q be a(-1). Let j = -6 - q. Suppose y + j*b + 18 = 0, b + 2*b = 5*y - 22. What is the highest common factor of y and 1?
1
Suppose -2*d = -6*d + 16. Let y(l) = l**3 - 3*l**2 + 4. Let q be y(3). Suppose 15 - 63 = -q*g. What is the greatest common factor of d and g?
4
Suppose -2*o = 5*k - o - 53, -5*o = 5*k - 45. What is the highest common divisor of k and 187?
11
Suppose -7*c + 187 = -429. What is the highest common factor of c and 8?
8
Suppose -s = 2*s - 27. Calculate the highest common factor of 9 and s.
9
Let v be ((-42)/4)/((-12)/504). What is the highest common divisor of v and 49?
49
Suppose -g = -3*t + 5, -3*g + 2*t + 9 = -t. What is the greatest common divisor of 56 and g?
7
Let p be (0/7)/((-4)/2). Let h be (0 - (p + 2))/1. Let r be 14 - (h - 0/(-2)). Calculate the greatest common factor of 40 and r.
8
Let q = -138 - -151. Calculate the highest common divisor of q and 143.
13
Let n(l) = -l. Let g(y) = -3*y - 16. Let w(z) = g(z) + 3*n(z). Let o be w(-8). What is the highest common factor of 80 and o?
16
Let t(b) = b**2 - 4*b + 25. Let l be t(10). Calculate the greatest common divisor of l and 17.
17
Suppose -5*t - 953 = -123. Let l = -47 - t. What is the highest common divisor of 17 and l?
17
Let a = -1 - -5. Suppose -2*q + 2 + a = 0. Suppose -q*s = -s - 108. What is the greatest commo